its digit of m?
2
Let a be 1 - (-455)/5 - -4. Suppose -5*x + u + 1165 = 0, -2*x = 4*u + a - 540. What is the hundreds digit of x?
2
Suppose -4*l + 10 = s, -2*s + 3*l - 2 = -0. Suppose b = -2, s*m + m + b = -11. What is the units digit of 70/30 - (-1)/m?
2
Let y(c) be the third derivative of c**6/120 + 2*c**5/15 + c**4/4 - 5*c**3/6 + 4*c**2. Let a be y(-7). Suppose -10 = -a*g + 18. What is the units digit of g?
4
Let v be 5 + (-643 - 1 - 3). What is the hundreds digit of (3*(-6 - -5))/(9/v)?
2
Let g(o) = 45*o**2 - 16*o + 57. What is the tens digit of g(5)?
0
Let f(h) = -h - 14. Let g be f(-14). Suppose -6*x + g = -24. What is the units digit of x?
4
Let j = -1978 - -3850. What is the hundreds digit of j?
8
Let k = 53 + -39. Suppose 19*t - k*t = 20. Suppose t*s - 25 = 71. What is the units digit of s?
4
Let f(x) = -33*x + 6. Suppose -9*i + 2*i = 14. What is the units digit of f(i)?
2
Suppose -115*x = -120*x + 1025. What is the hundreds digit of x?
2
Let x(o) = -o**2 + o + 8. Let t be x(0). Suppose 3*z = 5*z - t. Suppose 75 = 3*n + 4*k, 75 = -n + z*n - k. What is the units digit of n?
5
Let n = -3012 + 4297. What is the tens digit of n?
8
Let a(t) = -514*t - 416. What is the thousands digit of a(-8)?
3
Let x = -962 - -2380. What is the hundreds digit of x?
4
Let d = -30 + 34. Suppose -d*h + 155 + 69 = 0. What is the tens digit of h?
5
Let c(l) = -l**3 + 6*l**2 + 4*l + 22. Let o be c(9). Suppose 0*d + d = -25. What is the units digit of o/d + 2/(-5)?
7
Suppose 0 = -6*f + 15805 - 397. What is the thousands digit of f?
2
Let c(a) = 3*a**2 + 79*a - 70. What is the hundreds digit of c(-38)?
2
Suppose 0 = -3*u + 4*l - 11, l - 11 = -3*u + u. Let q = 2 + 1. Suppose d = h + q + u, 5*h + 6 = -d. What is the units digit of d?
4
Let w(r) = -5*r**3 + r**2 - 24*r - 76. What is the tens digit of w(-7)?
5
Suppose -9*l + 24 = -3*l. Suppose l = -9*m + 11*m. What is the tens digit of 36 + m + 1 - -1?
4
Let f = 1828 + -1107. What is the tens digit of f?
2
Let v = 1913 + 137. What is the units digit of v?
0
Suppose -2*t - 2*t - 136 = -3*b, 0 = 3*b + 4*t - 104. Suppose -10 = 35*n - b*n. What is the units digit of n?
2
Let b be ((-6)/(-7))/(2/14). Suppose l + b = 2*l. What is the tens digit of 231/7 + l/2?
3
Suppose -3*v = -5*v + 14. Suppose v*s - 19 = 359. What is the tens digit of s?
5
Let m = 1266 - 934. What is the units digit of m?
2
Let t be 0 + (2 - 2) + 54. Let y be 228/t - 4/18. Suppose y + 10 = v - 3*h, 5*v + 2*h - 36 = 0. What is the units digit of v?
8
Suppose g + 0*g = -4*c - 486, 2*c + 4*g = -236. Let q = -85 - c. Let r = q - -12. What is the tens digit of r?
4
Let i(x) = -x**3 + 8*x**2 + 9*x. Let d be i(9). Suppose d = 9*h - 5*h - 24. What is the units digit of h?
6
Let t(j) = 21*j + 15. What is the hundreds digit of t(14)?
3
Let w(c) = 2*c**2 + 10*c - 34. Let o be w(6). Let y = o - 59. What is the tens digit of y?
3
Let r = -308 + 709. What is the tens digit of r?
0
Let q be (-394)/(-3)*(-2 + -1 + 6). Suppose -2*t = -0*u + 4*u - 246, -3*t - u = -q. What is the tens digit of t?
3
Suppose 18 = -31*x + 37*x. What is the tens digit of 10/15 - (-559)/x?
8
Let b(v) = 151*v + 86. What is the tens digit of b(9)?
4
Let g(q) = -q + 12. Let d be g(-6). What is the units digit of (0 + 20)*63/d?
0
Let d be -4 + (-2 + 4)/1. Let l be -3 + (-15)/(6/d). Suppose 2*p - f - l*f - 125 = 0, 4*f = -3*p + 179. What is the tens digit of p?
6
Suppose -2*k + 2*a + 4 = 0, -18 - 22 = -5*k - 5*a. Suppose -k*r + 1 = 11. What is the units digit of 3*(r + -1 + 4)?
3
Let z(l) = -82*l - 21. Let t be z(-5). Let a = t + -265. What is the hundreds digit of a?
1
Let x(c) = -6*c**2 + 10*c + 18*c**2 - 13*c**2 + 5. Let k be x(10). Suppose o + 0*o = -k*r + 36, -2*o - 3*r + 65 = 0. What is the tens digit of o?
3
Suppose -3*s - w + 56 = -2*s, -102 = -2*s + 3*w. Let x(u) = u**3 + 6*u**2 - 2*u + 5. Let h be x(-7). Let a = s + h. What is the units digit of a?
4
Let x(y) = -y**2 + y + 4. Let k be 18*-3*2/12. Let i(n) = 3*n**2 - 5*n - 17. Let z(p) = k*x(p) - 2*i(p). What is the units digit of z(4)?
0
Let d = -8 + 17. Suppose -14*n + 680 = -d*n. What is the tens digit of n?
3
Let i = 38 + -38. What is the tens digit of (-3 - (0 - i)) + 19?
1
Suppose 2*c = -3*r + 13, -3*c - 4*r + 7 = -12. Suppose 32 = c*k - 233. What is the tens digit of k?
5
Suppose -5*a + m + 140 = 0, 4*a - 42 = 3*a + 3*m. Let n = -27 + a. Suppose n = 2*v - j - 97, -4*v - j = 4*j - 173. What is the units digit of v?
7
What is the thousands digit of 1/7 - ((-296964)/21)/6?
2
Let f be (25/20)/(2/8). Suppose 5*z - f*n = -1 - 9, 0 = 2*z + 3*n - 21. Let d(c) = 7*c + 4. What is the tens digit of d(z)?
2
Suppose -3*q = -3*s - 2718, -2*q - 5*s = 3*q - 4530. What is the tens digit of q?
0
Let f be (3*6/(-4))/((-3)/4). What is the units digit of (-3 - 5)*3*(-27)/f?
8
Let y be 6/5 + (-16)/(-20). Suppose -3*l - 282 + 19 = -4*z, y*l = 5*z - 327. What is the tens digit of z?
6
Let p(b) = -b**2 - 9*b + 8. Let l(w) = w**2 - 6*w + 1. Let m be l(4). What is the units digit of p(m)?
2
Let q(s) be the second derivative of s**4/4 + 2*s**3 - 2*s. What is the tens digit of q(-5)?
1
Let k(c) be the second derivative of -5*c**3/2 + 11*c**2 - 14*c. What is the tens digit of k(-5)?
9
Suppose -v + 5*m + 201 = 0, 0*v = v - 3*m - 197. Let w = -23 - -28. Suppose -v = -w*b - 1. What is the units digit of b?
8
Suppose 460 + 392 = 2*k. What is the hundreds digit of k?
4
Let a(z) = 5*z**3 - z**2 + 2*z - 2. Let l be a(1). Suppose 0 = l*s + s - 365. What is the units digit of s?
3
What is the units digit of (-1 - (-2 + 1105))/((-204)/136)?
6
Suppose -8*m = -m. Suppose m = -8*a + 5 + 3. What is the units digit of a?
1
What is the units digit of 3 - -4*(-545)/(-10) - -3?
4
Suppose -3*o - 12*o = -10890. What is the tens digit of o?
2
Let f(b) = b**3 + 10*b**2 + 2*b - 13. Let q be f(-7). Suppose 0 = 8*y - 3*y - q. Suppose -p - y = -h, 3*p - 8*p = 3*h - 80. What is the tens digit of h?
2
Let l = 100 - 7. Let c = 186 - l. What is the units digit of c?
3
Let y(t) = -t + 0*t - 66*t**2 - t + 6 - 1. Let d(s) = -66*s**2 - 2*s + 4. Let b(x) = -4*d(x) + 3*y(x). What is the tens digit of b(1)?
6
Let f be 16/(-6)*3/(-4). Suppose -2*q - q = 3*s - 135, s = f*q + 30. Suppose 0 = 4*c - s - 8. What is the tens digit of c?
1
Let s be (-3 + -2)/(-1) - 3. Suppose -2*g - s*g - 16 = 0. What is the units digit of g/(-2)*-1 - -10?
8
Let y(a) = -a**2 - 1. Let m(x) = -4*x**2 + 18*x - 22. Let d(k) = -m(k) + 2*y(k). What is the tens digit of d(11)?
6
Suppose 3*t = -t + 3*c + 41, 0 = 4*t + 2*c - 46. Suppose -238 = -3*z + t. What is the units digit of z?
3
Suppose 0 = 23*o - 27*o - 8. What is the units digit of (644/8 - 0) + (-3)/o?
2
Let v(n) = n**3 - 5*n + 2. Let o be v(2). Suppose o = -g + 2, 5*g = 3*f + 6 - 215. What is the units digit of f?
3
Suppose -3*l + 2*c - 3*c = 850, 5*c = 4*l + 1165. What is the units digit of l/(-6) + (-2)/4?
7
Let u(d) be the second derivative of 19*d**3/3 + 15*d**2/2 - 18*d. What is the tens digit of u(3)?
2
What is the tens digit of -13 + 6 - -1*1048?
4
Let y = 959 + -349. What is the hundreds digit of y?
6
Suppose 0 = -4*u + 8, -4*u + 5 = d - 4. Suppose 4*w - 2*h - 3*h + 11 = 0, -w - d = -3*h. Let f = -3 - w. What is the units digit of f?
1
What is the units digit of ((-3624)/10)/(6/(-180)*6)?
2
Let d(t) = t**3 - 6*t**2 + 4*t + 7. Let r be d(5). Suppose -4*l + 5*l - 56 = 0. Suppose 0*a = -3*a + 2*b + l, r*a - 34 = 2*b. What is the units digit of a?
2
Suppose -v = 4*l - 13, 5*v - 3*l = -2*l + 23. Suppose -v*d = -3*d. Suppose 5*j - a - 142 - 21 = 0, -3*j - 4*a + 84 = d. What is the units digit of j?
2
Let n(l) be the first derivative of 37*l**3/3 - 3*l**2/2 + 2*l + 4. Let z be n(2). What is the units digit of (-16)/40 + z/10?
4
Suppose 0 = x + 6 - 7. Suppose c = 1 + x. Suppose -c*v + 6 = v. What is the units digit of v?
2
Let f(q) = 13*q**2 + 6*q - 6. Let z(h) = 456*h**2 + 209*h - 209. Let b(x) = -209*f(x) + 6*z(x). Suppose 2*o + 2 = 4. What is the units digit of b(o)?
9
Suppose -2334 = -3*k + z, 0 = -2*k + 11*z - 13*z + 1548. What is the units digit of k?
7
Let l = -218 + 598. What is the tens digit of l?
8
Let b(q) = 19*q**2 - 34*q - 17. What is the hundreds digit of b(-6)?
8
Suppose 38*b = 2*b + 67392. What is the units digit of b?
2
Let a = -54 + 55. What is the 